 15. List the prime factors of (-2 - w/(-1)) + 7.
5
Let m be 0/(-6)*(-1)/2. Suppose m = 2*u - 5*j + 1, u - 2*u + 5*j - 3 = 0. List the prime factors of u.
2
Suppose 0*h - 6 = -2*h + 3*u, -5*h - 5*u + 15 = 0. Suppose j + 5*b + 6 = -0*j, -3*j = h*b - 30. What are the prime factors of j?
2, 7
Let v be ((-2)/3)/(2/(-48)). Suppose 2*n + v = 6*n. Let w = n + 0. List the prime factors of w.
2
Let p(u) = 2*u - 11. Let c be p(8). Suppose -c + 17 = 4*j. List the prime factors of j.
3
Suppose -5*o - 3*i - 2*i = -360, 360 = 5*o - 2*i. List the prime factors of o.
2, 3
Let t = 45 + 62. List the prime factors of t.
107
Let x be 52 - (-3 + (5 - 0)). Suppose 0 = -6*z + z + x. What are the prime factors of z?
2, 5
Suppose 0 = -t + 2 - 6. Let u = 7 + t. What are the prime factors of u?
3
Let x be (0 + 3)*(-8)/3. Let s = 12 + x. Suppose s*f - 47 + 11 = 0. List the prime factors of f.
3
Suppose 3*g + 2*g = 4*q - 92, -q - 2*g + 23 = 0. What are the prime factors of q?
23
Suppose -2*b = 3*l - 21, -2*b + 4*b = 4*l. List the prime factors of b.
2, 3
Suppose 5*v + 347 = 1522. What are the prime factors of v?
5, 47
Suppose 2*l - 93 = -5*v, 1 + 25 = 2*v - 2*l. Let j = 16 + v. List the prime factors of j.
3, 11
Suppose 4*c + l = 9, -4*l = 3*c + c. Suppose 3*f - 1 = 4*n + 11, 2*n = 2*f - 8. Suppose u - f*p + 2*p = 17, -40 = -c*u - 5*p. List the prime factors of u.
3, 5
Suppose -5*d + 362 + 858 = 0. What are the prime factors of d?
2, 61
Let r be ((-2)/2)/((-1)/188). List the prime factors of (-6)/8 + r/16.
11
Let c be -1 + 1 - (4 + -4). Suppose -3*u + u + 48 = c. List the prime factors of u.
2, 3
Suppose 0 = -d - d + 26. Suppose t - 2*u - d = -0*t, 16 = -4*u. List the prime factors of t.
5
Let q(f) = f**3 - 3*f**2 - 3*f - 4. Let p be q(4). Let c = 20 - p. Suppose -k + c = k. List the prime factors of k.
2, 5
Let z be 27/(-6)*(-40)/6. Suppose -z = -5*v - 2*g, 1 = -g - 4. What are the prime factors of v/3*(-9)/(-6)?
2
Let d = -16 - -36. Suppose -z - 3*z + d = 0. Suppose z*i - 31 = -4*x - 0*x, -x - 3*i + 6 = 0. What are the prime factors of x?
3
Suppose 3*u - 140 = -u. Suppose 5*x + 0 - u = -3*r, 3*x - 4*r = 50. List the prime factors of ((-6)/x)/(3/(-30)).
2, 3
Suppose 4 = 2*u + 2*u. Let z = u - -1. Suppose 1 + 23 = z*m. List the prime factors of m.
2, 3
Let z(p) = 4*p**2 - p - 2. List the prime factors of z(-3).
37
Suppose -5*j = s - 15, s - 4*j = -j - 9. Let t = 3 - -27. Suppose -3*v - 9 + t = s. List the prime factors of v.
7
Suppose -3*f - 279 = -1032. List the prime factors of f.
251
Let n = 4 + -3. Let t = n - 0. Suppose -t + 9 = o. List the prime factors of o.
2
Let j = 62 - 34. Suppose -4*v + j = -72. Suppose 4*i - 19 = v. What are the prime factors of i?
11
Let x = -6 - -66. Suppose -l - x = -4*l. What are the prime factors of l?
2, 5
Let r = 26 - 26. Suppose 0*p - 4*p + n + 33 = 0, 0 = -5*p + 3*n + 36. Let g = p - r. List the prime factors of g.
3
Suppose 3*h = 7 + 5. List the prime factors of h/10 + 83/5.
17
Suppose -2*w - 64 = -p, 0 = -3*p - 4*w + 164 - 22. What are the prime factors of p?
2, 3
Suppose t + 4*f = 20, -2*t = 3*t + 3*f - 66. List the prime factors of t.
2, 3
Let d = -45 - -17. List the prime factors of 14/2*(-16)/d.
2
Let b(l) = 43*l**3 + 2*l**2 - 1. Let i be b(1). Let a = 86 - i. What are the prime factors of a?
2, 3, 7
Let q(n) be the second derivative of n**4/3 + n**3/6 - n**2/2 - 2*n. List the prime factors of q(1).
2
Let d(m) = -3*m - 15. What are the prime factors of d(-11)?
2, 3
Let j(n) = n + 3. Let y be j(4). What are the prime factors of (7/(-2))/(y/(-14))?
7
Let f(n) = -2*n**3 - 3*n**2 - 3*n - 1. List the prime factors of f(-2).
3
Let f(o) = -o**2 + 9*o - 8. Let a(r) = r**2 - 9*r - 6. Let g be a(10). Suppose 2*p = -g + 18. List the prime factors of f(p).
2, 3
Let i be (9/(-2))/((-8)/(-64)). Let p be (i/(-15))/(3/10). Suppose p = o - 3*y - 8, -4*o - 4*y + 48 = 0. List the prime factors of o.
13
Suppose 3*i - b = 5 + 8, -3*b - 9 = -4*i. Let m(s) = s + 7. List the prime factors of m(i).
13
Suppose 4*n + 73 = -19. Suppose 0 = -4*s - 2*b + 7*b - 39, 5*s - 3*b + 52 = 0. Let q = s - n. List the prime factors of q.
2, 3
Suppose -4*j - 3*j = -28. Let z(f) = f**3 - f**2 - 6*f + 1. What are the prime factors of z(j)?
5
Suppose 0 = -4*r + 6*r - 24. Suppose -3*j - 51 = -r. Let u = 2 - j. What are the prime factors of u?
3, 5
Suppose 0*w + 804 = 2*q + 5*w, 2033 = 5*q + w. List the prime factors of q.
11, 37
Suppose -2*m + 8 = -2. Suppose 0 = w - m, 4*f + w + w - 34 = 0. What are the prime factors of (f/9)/((-2)/(-33))?
11
Suppose 3*w - 2*o = -2*w + 29, 0 = -w + 3*o + 11. Suppose -3*c = -w*j + 29, -15 + 0 = -j - 4*c. What are the prime factors of j?
7
Let f = 6 + -3. Suppose -11 = -f*j + 4. What are the prime factors of j?
5
Suppose -4*f - f = -125. Let o = -8 + f. List the prime factors of o.
17
Suppose 2*y - 2*c = 156, 5*c - 154 - 286 = -5*y. Suppose -u - 3*u - 46 = 2*a, 4*a = u - y. Let z = a + 29. What are the prime factors of z?
2
Suppose 4*c - 300 = -4*s, 4*s + 3*c - 179 = 123. List the prime factors of s.
7, 11
Let v(n) = -11*n - 13. Let s(w) = 6*w + 7. Let i(t) = -5*s(t) - 3*v(t). List the prime factors of i(8).
2, 7
Suppose 2*u + 46 = 4*f - u, 0 = 4*f - 5*u - 50. Let z = 14 - f. What are the prime factors of z?
2
Suppose -3*s = 48 - 183. Suppose 5*k - 2*k = s. List the prime factors of k.
3, 5
Let l(i) = -20*i - 1. List the prime factors of l(-2).
3, 13
Suppose -2*f + 6 = l, 9*l - 4*l + 26 = 4*f. Suppose f*r = 3*r - 2. Let u(c) = -7*c + 1. List the prime factors of u(r).
3, 5
Let d(b) = b + 13. Let j be d(-7). Suppose j = -i + 4*i. What are the prime factors of (i/(-3))/((-2)/6)?
2
Let j be (-3 - -1) + (-3790)/(-5). Let z be (-6)/(-15) + j/10. What are the prime factors of z/10 - (-6)/15?
2
Suppose 4*s - 5*v = 258, 4*v + 72 = 2*s - 54. List the prime factors of s.
67
Let i(o) = -18*o + 26*o + 22*o. List the prime factors of i(1).
2, 3, 5
Let g be 8/36 + 4/(-18). Suppose g = 2*v - 19 + 5. What are the prime factors of v?
7
List the prime factors of 15*282/18 - (-2 - 0).
3, 79
Suppose 0 = 2*q - 2*c - 150, 4*q + 0*c = -3*c + 328. Let a = q + -54. Suppose -h = -2*l + 6*l - a, -h + 4*l - 15 = 0. List the prime factors of h.
5
Suppose -5*o - 5*k - 25 = 0, 5*k + 1 = -o - 12. Let i = o + 12. What are the prime factors of i?
3
Suppose -2*d - 5 = 3*d. Let k be 0 - 6/(d - 2). Suppose k = 4*m - 6. List the prime factors of m.
2
List the prime factors of ((-26)/4)/((-8)/48).
3, 13
Suppose 0 = 7*c - 2*c. Suppose 55 = 5*y - 5*n, c = -y - 5*n - 0*n + 23. What are the prime factors of y?
13
Let q = 10 - 7. Suppose -4*a + q*n + 34 = 0, 2*a + n - 26 = -2*a. List the prime factors of a.
7
What are the prime factors of (-9)/(-15)*4/((-4)/(-145))?
3, 29
Let s = -4 + 6. Suppose -s*w + 4*z - 2*z + 6 = 0, -3*w + 2*z + 4 = 0. List the prime factors of 45/(-10)*w/3.
3
Let h = 3 + 1. List the prime factors of (-3)/(6/(-4)) + h.
2, 3
Let c = 16 - 2. What are the prime factors of c?
2, 7
Suppose q - 6 = -4*r + 6, 18 = 5*q - r. Let h be (30/q)/5*18. List the prime factors of (-3)/(-6) - h/(-2).
2, 7
Let q = 6 - 1. Suppose -2 = -6*z + q*z. Suppose m - 17 - z = -4*s, 27 = 3*m - 3*s. What are the prime factors of m?
11
Let y = 101 - 24. What are the prime factors of y?
7, 11
Suppose k + 5 = -4*k. Let p(z) = 6*z**2 + 2*z + 1. List the prime factors of p(k).
5
Let x be (0 - 6/(-9))*-12. Let l = 11 + x. List the prime factors of l.
3
Let u = -5 + 9. Suppose -3*d = -u*d, 3*d - 21 = -3*m. What are the prime factors of m?
7
List the prime factors of 2 + 14/(-8) + (-814)/(-8).
2, 3, 17
Let u = -6 - -45. What are the prime factors of u?
3, 13
Let j(v) = -v + 26. List the prime factors of j(8).
2, 3
Let f(y) = 4*y**2 - 24*y + 19. What are the prime factors of f(10)?
179
Let n = 36 - 10. What are the prime factors of n?
2, 13
Suppose -5*u = -7*u + 18. List the prime factors of u.
3
What are the prime factors of -78*(-4 - -3) + 0?
2, 3, 13
Let i(p) = p**3 + 2*p**2 - 2*p. Let n be i(-3). Let q(b) = -3*b - 2*b - 2 + 0*b - 1. What are the prime factors of q(n)?
2, 3
Suppose -10 = m - 3*y, 5*m + y - 14 = -0*y. Suppose m*u - 5*u = 3. What are the prime factors of 14/((u - -4)/3)?
2, 7
Let v be (-2)/(-4*(-2)/(-4)). Let g(h) = -11*h - 2. Let f be g(-2). Suppose 3*r - v - f = 0. List the pr